of m and n.
10
Suppose 32 = 5*k + 4*m, 42 = 4*k - 2*m - 3*m. Suppose -5*i + i - 180 = -5*h, -3*i - 108 = -3*h. What is the highest common factor of h and k?
4
Let n be (-1)/(0 - (-2)/(-38)). Suppose n*u - 96 = 18*u. Suppose -123 = -4*o - 27. Calculate the greatest common divisor of u and o.
24
Let a = 106 - 102. Suppose -3*c + a = 5*m + 5, -m + 3 = -c. What is the greatest common divisor of m and 31?
1
Suppose -3*j + 7 = -5. Let u be (-1)/j + (-50)/(-8). Calculate the greatest common factor of 3 and u.
3
Let i be (8 - 3) + -1 + -3. Let p be i/(60/28 + -2). Let m(s) = 2*s**3 - 6*s**2 + 9*s - 6. Let q be m(3). Calculate the highest common divisor of q and p.
7
Let u(c) = c**3 + 17*c**2 - c - 15. Let p be ((8 - 3) + 29)*(-1)/2. Let n be u(p). Calculate the highest common factor of n and 64.
2
Let q = -25 + 44. Let s = -12 + q. Let l = s + 8. Calculate the greatest common divisor of l and 3.
3
Let m(d) = -38*d - 107. Let g be m(7). Let b = 398 + g. What is the highest common divisor of 1075 and b?
25
Let g(b) = -4*b + 15. Let m be g(2). Suppose 0 = 3*t - w - 11, m = -4*w - 13. Suppose -4 = -x - x. What is the greatest common factor of x and t?
2
Let j = 121 - 203. Let m = j + 274. What is the highest common factor of 12 and m?
12
Suppose o = -4*l + 284, -1971 = -4*o + 4*l - 715. Calculate the highest common divisor of o and 168.
28
Suppose c + 24522 = 4*x, 0 = -x + c + 7214 - 1088. Calculate the highest common factor of x and 168.
84
Let b(w) = -4*w**2 - 9*w + 3. Let x be b(4). Let c = -93 - x. Suppose c*a + 5*i = 183, -57 = -a + 2*i + 5. What is the greatest common divisor of 572 and a?
52
Let y = -34 - 44. Let d = 33 + y. Let b = -9 - d. What is the highest common divisor of 72 and b?
36
Let k be -14*-1*(2 - 1). Suppose -21*c = -18*c - 3153. Suppose a = -c + 1149. What is the greatest common factor of k and a?
14
Let l = 14 - -31. Suppose -189*p = 112*p - p - 216000. What is the highest common divisor of p and l?
45
Let m(k) = -k**3 - 3*k**2 - 3*k - 10. Suppose 15 = -6*x - 9. Let n be m(x). Suppose n*r = 11*r + 147. Calculate the greatest common divisor of 168 and r.
21
Suppose 4*a = -4*q, a + 0 = 3. Let l be (-1)/(1 + q - 34/(-18)). Let h be -3 + 4 + -2 - -64. What is the greatest common factor of h and l?
9
Let x(u) = -2*u**2 + 16*u - 9. Let c = 81 + -75. Let i be x(c). What is the highest common divisor of 405 and i?
15
Suppose -6*n + 7*n - 450 = 0. Let g = 1039 - 1273. Let w = n + g. What is the greatest common divisor of w and 24?
24
Let n = -2152 + 2165. Suppose -5*c = -1276 - 479. What is the highest common factor of c and n?
13
Suppose -5*b = 3*t - 396, -16*t + 264 = -14*t - 5*b. Calculate the greatest common divisor of t and 88.
44
Suppose -3*p + 392 = x, -392 = 4*x - 5*x + 9*p. Calculate the highest common factor of x and 24.
8
Let r(g) be the third derivative of -3*g**6/10 - 13*g**4/24 - 11*g**3/3 - 27*g**2 - 3*g. Let o be r(-2). Calculate the highest common divisor of o and 73.
73
Let c = 481 + -508. Let o be (-36)/c*45/4. What is the greatest common factor of o and 870?
15
Let y(n) = n**3 + 8*n**2 + 5*n - 4. Let j be (2/8*2)/((-24)/336). Let q be y(j). Calculate the highest common factor of 320 and q.
10
Let n be 1/(25/18225*9). Let l(k) = -7*k**3 - 2*k**2 + k - 1. Let p be l(-2). What is the highest common divisor of n and p?
9
Let n be (-20)/(-24) - 1 - (-364)/24. Suppose 2*h = 2*l - 6, 3*l + 4*h - 67 = -58. What is the highest common factor of n and l?
3
Suppose -5*o = -50, -4*r = 46*o - 48*o - 48. Suppose 8*p - 748 = 4*p. Calculate the highest common factor of p and r.
17
Let z be (45/(-10))/((-9)/300). Let j = z - 111. What is the highest common factor of j and 6?
3
Suppose 4*g - 2040 = 2*x, 4*x - 8*x + 528 = g. Let d be (-4 - (1 - -2)) + 23. Calculate the highest common divisor of g and d.
16
Suppose -v = -4*k - 2*v + 6841, -4*v + 5160 = 3*k. What is the highest common divisor of 266 and k?
14
Suppose 0 = -2*u + 16, -7*u + 5720 = 16*f - 12*u. What is the greatest common factor of 280 and f?
40
Let t = 2790 - 2760. Calculate the highest common divisor of 2295 and t.
15
Let u = 28093 + -22782. What is the greatest common divisor of 235 and u?
47
Let h = 6 - -50. Let n be 7956/(-3315)*(1 + (-1333)/3). Calculate the highest common divisor of n and h.
56
Let i(h) = -169*h + 256. Let b be i(-11). Calculate the greatest common factor of b and 45.
45
Let f = 27599 - 27509. What is the greatest common factor of 10080 and f?
90
Let u be (10/(-8) - 1/(-4)) + (675 - -3156). What is the greatest common divisor of 30 and u?
10
Let z(i) = -86*i**2 + 11*i + 19. Let h be z(-2). Let l = 371 + h. What is the greatest common divisor of 120 and l?
24
Let h be (0 + (-1 - 0))*-15. Let z be 2/10 - (-38)/10. Let k be (((-4)/3)/1)/(z/(-18)). What is the highest common divisor of h and k?
3
Suppose 3*p = 1788 - 228. Suppose 248*t = -93*t + 13640. Calculate the greatest common divisor of t and p.
40
Suppose -5*z - 2*n + 1 = 7, -n - 3 = -z. Let m(a) = 2*a**2 - 3*a + 66. Let i be m(z). Calculate the highest common factor of i and 22.
22
Suppose -4*y + 3350*a + 131016 = 3348*a, 5*y - 5*a - 163760 = 0. What is the highest common factor of y and 76?
76
Let p(z) = -65*z**3 + 14*z**2 + 45*z + 31. Let x be p(-2). Let b be 282/4*(-8)/(-12). Calculate the greatest common divisor of b and x.
47
Suppose 16*i + 3*g - 210 = 0, 5*i - 24*g = -26*g + 72. Calculate the greatest common divisor of i and 92.
4
Let c(s) = -268*s + 1153. Let v be c(4). Calculate the highest common factor of v and 48.
3
Let s(u) = -u**3 - 22*u**2 - 17. Let c be s(-22). Let d(w) = -6*w - 26. Let o be d(c). What is the highest common factor of o and 4?
4
Let m be (4 + 248/(-16))*5/((-5)/28). What is the greatest common factor of 28 and m?
14
Let i = -17 + 21. Suppose -v + 3*v = 3*d - 20, 0 = i*d - 2*v - 28. Calculate the greatest common divisor of d and 12.
4
Let a be 1/(-1) + 1 - (-8 - -9). Let r be (-120)/(-16) - a/(-2). Calculate the greatest common factor of 63 and r.
7
Let h be 3/7 + (-81814)/(-266). Suppose -h + 215 = -l. Let p(u) = 10*u + 1. Let g be p(3). Calculate the greatest common divisor of g and l.
31
Let o = -8641 + 11737. Calculate the greatest common divisor of o and 504.
72
Let v be (20 - 15)*(2 + 2 + -5). Let j(a) = -8*a**3 + 3*a**2 - 6*a - 25. Let f be j(v). What is the greatest common factor of 30 and f?
30
Suppose 331*t - 329*t - 5*x - 1873 = 0, -5*x = 4*t - 3671. What is the highest common factor of 756 and t?
84
Let p = 124 + -103. Let a be (610/35)/(3/p). Let b = a + -104. Calculate the greatest common factor of b and 24.
6
Suppose 114*h - 59*h = 6105. What is the greatest common divisor of 1443 and h?
111
Suppose 2*t - 43940 = -4*y, 347*t = 4*y + 342*t - 43884. Calculate the highest common divisor of 278 and y.
139
Suppose -2452 = 13*v - 2301 - 16700. What is the highest common factor of 361 and v?
19
Let y = 16456 + -16449. Calculate the greatest common factor of 2324 and y.
7
Suppose -763*f = -766*f + 189. Calculate the greatest common factor of 567 and f.
63
Let y be (-70)/665 - 156/(-38) - -14452. Calculate the greatest common divisor of 52 and y.
52
Let h be (165/(-30))/((1/160)/(-1)). What is the greatest common divisor of h and 10780?
220
Let o be 297/9*(316/12 + -4). What is the greatest common factor of 67 and o?
67
Suppose 252 = -186*r + 192*r. What is the highest common divisor of r and 6454?
14
Let v = -316 + 305. Let x(q) = -q**3 - 13*q**2 - 24*q - 20. Let z be x(v). What is the highest common factor of 79 and z?
1
Let l be -3*10/(-45)*114. Suppose -4*q - 2*z = -230, 2*q + z - 2*z - 113 = 0. What is the greatest common factor of q and l?
19
Suppose 370*y - 17787 = 249*y. Suppose 0 = -b + 54 - 12. What is the highest common divisor of y and b?
21
Let m be (-60)/(-9) + (-9)/(-27). Let q be 2*-3 + 307 + m. Calculate the highest common divisor of q and 88.
44
Let s(k) = 9*k - 5. Let h be s(9). Suppose 4*d - h = -4*v, 11 + 8 = d - 5*v. Let p be 2/(-4) + (-762)/(-4). Calculate the highest common divisor of d and p.
19
Suppose -234 - 328 = -44*y - 122. What is the greatest common factor of 326 and y?
2
Suppose -2*q = 3*q - 5. Suppose -2*s + 421 = -z, -z + 2*z + q = 0. Calculate the highest common factor of s and 28.
14
Suppose 37*o + 3*a + 1227 = 38*o, 3*o = 4